 number?
False
Is 8657 composite?
True
Is 1931 prime?
True
Is 4621 composite?
False
Is 5902697 prime?
False
Is 704549 a prime number?
True
Is 42089 a composite number?
False
Is 6337 a composite number?
False
Is 183127 prime?
False
Is 182053 a composite number?
True
Is 629339 prime?
True
Is 138371 a prime number?
True
Is 149 a composite number?
False
Is 32839 composite?
False
Is 85001 composite?
True
Is 1894151 prime?
False
Is 22807 composite?
False
Is 162389 composite?
False
Is 1705799 a composite number?
False
Is 6839 composite?
True
Is 66161 a prime number?
True
Is 174481 a composite number?
False
Is 865457 composite?
False
Is 29717 a prime number?
True
Is 18813 a prime number?
False
Is 37781 prime?
True
Is 12761 prime?
False
Is 3571 a prime number?
True
Is 6421 composite?
False
Is 158959 composite?
False
Is 11797 composite?
True
Is 42851 prime?
False
Is 13129 a prime number?
False
Is 1030769 prime?
False
Is 7819 prime?
False
Is 868501 prime?
False
Is 518495 a composite number?
True
Is 176369 a composite number?
False
Is 12319 a prime number?
False
Is 8999 prime?
True
Is 167546 a prime number?
False
Is 23803 prime?
False
Is 91367 prime?
True
Is 295031 composite?
True
Is 25657 a composite number?
False
Is 250417 composite?
True
Is 58371 a prime number?
False
Is 313399 composite?
False
Is 551311 prime?
True
Is 7773317 a composite number?
False
Is 899 prime?
False
Is 549911 composite?
False
Is 419 composite?
False
Is 70178 a composite number?
True
Is 13843 a prime number?
False
Is 4783 prime?
True
Is 78643 a prime number?
True
Is 3389 prime?
True
Is 26473 a prime number?
False
Is 197401 composite?
True
Is 18527 prime?
False
Is 812027 prime?
False
Is 159697 composite?
False
Is 69313 prime?
True
Is 677795 a composite number?
True
Is 265939 composite?
True
Is 11153 a prime number?
False
Is 155 a composite number?
True
Is 152587 a prime number?
False
Is 833363 prime?
True
Is 13901 a prime number?
True
Is 14867 a prime number?
True
Is 41719 a prime number?
True
Is 18301 a composite number?
False
Is 262943 composite?
True
Is 8923 a prime number?
True
Is 317 a prime number?
True
Is 57037 composite?
False
Is 56243 a composite number?
True
Is 321513 prime?
False
Is 173291 a composite number?
False
Is 716563 composite?
False
Is 121879 a composite number?
True
Is 842817 composite?
True
Is 15511 composite?
False
Is 24933 composite?
True
Is 1119523 a composite number?
False
Is 6593 a composite number?
True
Is 1477 composite?
True
Is 51247 composite?
True
Is 47327 prime?
False
Is 4222 a prime number?
False
Is 542527 prime?
False
Is 29551 a prime number?
False
Is 108707 a prime number?
True
Is 12197 composite?
False
Is 20993 a prime number?
False
Is 130171 composite?
False
Is 55751 composite?
True
Is 68881 composite?
False
Is 103186 prime?
False
Is 2761 composite?
True
Is 64609 a prime number?
True
Is 831797 a composite number?
True
Is 2408755 a prime number?
False
Is 25261 prime?
True
Is 118693 composite?
True
Is 11777 composite?
False
Is 48349 a composite number?
True
Is 894109 a composite number?
False
Is 220553 prime?
True
Is 220943 composite?
True
Is 28739 a composite number?
True
Is 32839 a prime number?
True
Is 16333 a prime number?
True
Is 5557 composite?
False
Is 285301 composite?
False
Is 94637 composite?
True
Is 394241 composite?
False
Is 28293 prime?
False
Is 38507 composite?
True
Is 20005 composite?
True
Is 155219 a composite number?
False
Is 138361 prime?
False
Is 29371 a composite number?
True
Is 226019 prime?
False
Is 17603 a prime number?
False
Is 39133 a prime number?
True
Is 27271 composite?
False
Is 156713 composite?
True
Is 42191 a composite number?
True
Is 156817 composite?
False
Is 2531999 prime?
False
Is 9587 a prime number?
True
Is 175822 prime?
False
Is 9977 prime?
False
Is 25503 prime?
False
Is 314966 a composite number?
True
Is 247213 prime?
False
Is 24943 a prime number?
True
Is 32491 composite?
False
Is 7193 a prime number?
True
Is 24523 composite?
True
Is 5155 a composite number?
True
Is 225457 composite?
False
Is 13801 a prime number?
False
Is 457667 composite?
True
Is 90359 prime?
True
Is 38351 prime?
True
Is 1302635 prime?
False
Is 359 composite?
False
Is 271351 composite?
False
Is 3365 a composite number?
True
Is 4223 prime?
False
Is 20579 a composite number?
True
Is 88931 composite?
True
Is 118477 a composite number?
True
Is 2153 a composite number?
False
Is 2966059 prime?
True
Is 12197 a prime number?
True
Is 250489 a prime number?
True
Is 5279 a composite number?
False
Is 4661 prime?
False
Is 26291 prime?
False
Is 18157 a prime number?
False
Is 6913 a prime number?
False
Is 23183 a composite number?
True
Is 123241 composite?
True
Is 9935 composite?
True
Is 1671907 prime?
True
Is 1110533 a prime number?
True
Is 4835 prime?
False
Is 3651023 a composite number?
False
Is 12631 prime?
False
Is 1508293 a composite number?
False
Is 1361 prime?
True
Is 206215 a composite number?
True
Is 12097 a prime number?
True
Is 3327505 a composite number?
True
Is 73009 prime?
True
Is 18787 prime?
True
Is 7837 a prime number?
False
Is 3821 a prime number?
True
Is 4130913 composite?
True
Is 7447 prime?
False
Is 41917 a composite number?
True
Is 62633 composite?
False
Is 1655215 composite?
True
Is 162931 a composite number?
True
Is 7283 a composite number?
False
Is 477215 a composite number?
True
Is 261167 a composite number?
False
Is 1914289 a prime number?
False
Is 46333 a prime number?
False
Is 22267 a composite number?
True
Is 795349 a prime number?
True
Is 524591 composite?
False
Is 18965 composite?
True
Is 103529 a composite number?
False
Is 46481 a prime number?
False
Is 73657 a prime number?
False
Is 256423 a prime number?
True
Is 4111 composite?
False
Is 13901 composite?
False
Is 133559 prime?
True
Is 129949 a prime number?
False
Is 5086 a composite number?
True
Is 34703 composite?
False
Is 921821 a prime number?
True
Is 474337 a prime number?
True
Is 1679 a composite number?
True
Is 46711 composite?
True
Is 116579 prime?
True
Is 113353 composite?
True
Is 683213 composite?
True
Is 7615 prime?
False
Is 23813 prime?
True
Is 172801 a prime number?
True
Is 18937 composite?
True
Is 19849 prime?
False
Is 15761 a composite number?
False
Is 4091 a composite number?
False
Is 65339 a prime number?
False
Is 3183 a composite number?
True
Is 23531 composite?
False
Is 450187 prime?
False
Is 10205113 a composite number?
False
Is 7427 prime?
False
Is 6599 prime?
True
Is 1011 a prime number?
False
Is 30437 composite?
True
Is 202799 composite?
False
Is 286271 composite?
True
Is 4703 prime?
True
Is 917039 a prime number?
True
Is 28921 a prime number?
True
Is 1799 a prime number?
False
Is 6761 composite?
False
Is 1109 composite?
False
Is 82247 prime?
False
Is 135559 a prime number?
True
Is 2038474 composite?
True
Is 18353 prime?
True
Is 59723 a composite number?
False
Is 7133 composite?
True
Is 7601 a prime number?
False
Is 462743 composite?
True
Is 24199 prime?
False
Is 2237 a prime number?
True
Is 4843 a prime number?
False
Is 1326607 a prime number?
True
Is 869681 composite?
True
Is 9667 a composite number?
True
Is 13274 composite?
True
Is 15727 a prime number?
True
Is 18701 prime?
True
Is 42661 a composite number?
True
Is 264049 prime?
False
Is 207227 a composite number?
False
Is 19301 prime?
True
Is 81155 composite?
True
Is 1756483 a prime number?
True
Is 4747 prime?
False
Is 9029 prime?
True
Is 26453 composite?
True
Is 8596031 prime?
True
Is 50207 a composite number?
False
Is 14881 a prime number?
False
Is 27003 prime?
False
Is 80165 composite?
True
Is 20561 composite?
True
Is 47858 a prime number?
False
Is 54799 a prime number?
True
Is 29053 prime?
False
Is 180203 composite?
True
Is 1733 prime?
True
Is 95341 prime?
False
Is 8389 a composite number?
False
Is 306737 a composite number?
True
Is 6541 prime?
False
Is 6661 a composite number?
False
Is 5779 composite?
False
Is 641719 composite?
True
Is 189239 composite?
False
Is 9491 composite?
False
Is 1115 composite?
True
Is 16217 a composite number?
False
Is 1324333 composite?
True
Is 563249 prime?
True
Is 1879331 composite?
True
Is 586679 composite?
False
Is 299771 a prime number?
True
Is 206021 a composite number?
False
Is 6143 prime?
True
Is 134457 a composite number?
True
Is 196709 prime?
True